?
5
Suppose -u = o + 2, u - 2*u = 2*o + 5. Calculate the remainder when (2 - -12) + (-9)/o is divided by 9.
8
Let a be (-194)/(-8) + 2/(-8). Let w = -17 + a. Suppose -5*h + 0*h = -100. Calculate the remainder when h is divided by w.
6
Let k = 0 + 5. Suppose -k*m + 50 - 216 = -3*g, 4*g - 2*m = 212. Calculate the remainder when g is divided by (-1 + (-5)/(-3))*27.
16
Let i = -13 + 2. Let c = i + 26. What is the remainder when 29 is divided by c?
14
Suppose -4*d = -f - 48 + 7, 0 = -2*d + 4*f + 24. Let q = -8 - -24. Let w = q - d. Calculate the remainder when 11 is divided by w.
5
Let k(i) = -i**2 - 13*i + 90. Calculate the remainder when 22 is divided by k(-17).
0
Let z(d) be the first derivative of -d**4/4 + 5*d**3/3 - 3*d**2/2 - d + 3. What is the remainder when z(4) is divided by 3?
0
Let t(q) be the first derivative of q**2 + 2*q + 1. Let p be t(4). Suppose -2*r = -p - 32. What is the remainder when r is divided by 6?
3
Suppose 0 = 7*t - 251 - 323. Calculate the remainder when t is divided by 21.
19
Calculate the remainder when 72 is divided by (-2 + 2 - 37)*(-1 + 0).
35
Let b(p) = -18 + p + p**2 + 15 + 0*p. Calculate the remainder when 15 is divided by b(-4).
6
Let n be 9/(3 - 6) - -4. Calculate the remainder when 8 is divided by 6*n + (2 - 3).
3
Suppose -28 = 4*c - b + 7, -3*c - 27 = -b. Let v = c + 16. Suppose 0 = -5*w + v*w - 36. What is the remainder when 22 is divided by w?
10
Suppose 0*j - 3*j = -9. Suppose j*x - 1 = -0*v - v, 0 = 4*x - 4*v - 28. What is the remainder when x is divided by 1?
0
Let i be 1 + 102 + 2/(-2). Suppose -5*o = -3*x - i, -2*o = -o + 2*x - 10. What is the remainder when 51 is divided by o?
15
Let w(n) be the third derivative of n**5/60 + n**4/12 + n**3/6 + 2*n**2. Calculate the remainder when w(6) is divided by 13.
10
Suppose -55 = -4*o + 57. Suppose -38 = -2*p - 4*n, 6*p - 56 = 2*p + 2*n. What is the remainder when o is divided by p?
13
Suppose 2*h - 1 = 27. Calculate the remainder when (1 - -56) + 2*-2 is divided by h.
11
What is the remainder when 58/((-2)/(-9)*3) is divided by 22?
21
Suppose -5*l + 55 = 5*f, -l = -3*f - 9 - 6. Suppose 5*b - l - 13 = 0. Calculate the remainder when 19 is divided by b.
4
Suppose -225 = -0*c - 3*c. What is the remainder when c*(0 - (-6)/9) is divided by 13?
11
Let i = 39 + -25. Calculate the remainder when 55 is divided by i.
13
Let q(t) = 69*t**3 + 2*t - 1. Calculate the remainder when q(1) is divided by 27.
16
Let k = 44 - 14. What is the remainder when 58 is divided by k?
28
Let q = -23 + 27. Suppose 0 - 88 = -q*n. Calculate the remainder when n is divided by 6.
4
Suppose z + 60 = t, -4*z - 11 = 5. Calculate the remainder when t is divided by 15.
11
Let l = 77 - 50. Calculate the remainder when l is divided by 15.
12
Suppose 0 = -0*x - x - 5*b + 42, -48 = -4*x + 4*b. Calculate the remainder when 64 is divided by x.
13
Let x(r) = -3*r + 3. Let k be x(-9). Suppose -s = -2*s + k. What is the remainder when 117 is divided by s?
27
Suppose -3*a = -a - 26. Suppose -a*h - 12 = -15*h. Calculate the remainder when 8 is divided by h.
2
Suppose -2*r - 25 + 47 = 0. What is the remainder when 75 is divided by r?
9
Let v = 5 - 4. Let m(q) = q**2 - 3*q**2 + 3*q - q**3 + 3 - 2. Calculate the remainder when v is divided by m(-3).
0
Let z be (0/(-5))/((-1)/1). Suppose -k = -z*k - 4. Suppose x - 2*o - 7 = 2*o, 3*o - 12 = -5*x. Calculate the remainder when k is divided by x.
1
Suppose 5*z - 88 = 3*q, -2*z - q = -0*q - 44. Calculate the remainder when 37 is divided by z.
17
Let h be 3 + 1 - (3 - 1). Let u = 7 - h. Calculate the remainder when 8 is divided by u.
3
Suppose h - 2*h + 3 = 0. Suppose -h = -n - 0. What is the remainder when (6/(-2))/(n/(-9)) is divided by 6?
3
Let c(o) = o**2 - 13*o + 12. Calculate the remainder when 46 is divided by c(13).
10
Suppose -s + 242 = 4*s - 3*p, 200 = 4*s - 4*p. Suppose -s = -4*h + 62. What is the remainder when h is divided by 10?
7
Suppose -11 - 25 = -4*r. Calculate the remainder when r is divided by 4.
1
Suppose -2*d = 5*v - 18, -6 + 9 = 2*v + 5*d. Suppose 13*g - 8*g = 310. Suppose -g + 18 = -4*q. What is the remainder when q is divided by v?
3
Let b(o) = o**3 + 4*o**2 - 5*o + 1. Let k = 6 + -11. Let x = k - -7. Calculate the remainder when x is divided by b(-5).
0
Calculate the remainder when 17 is divided by 8*(-3)/(-2) + -3.
8
Suppose 0 = 5*v - 0*u + 3*u - 455, 3*u - 367 = -4*v. Suppose v = -2*c + 4*c. Let o = -7 - -22. Calculate the remainder when c is divided by o.
14
Let x(f) = f + 7. Let u be x(0). Suppose -4*v - 3*i = -0*v + 23, -i = v + u. Calculate the remainder when 2 - (v/2 - 1) is divided by 2.
0
What is the remainder when 89 + 5/5 + 3 is divided by 24?
21
What is the remainder when 97 is divided by (-4 - -2) + 27 + 0?
22
Suppose 3*u + 4*v = 53, -3*u + 3*v + 4 + 35 = 0. Calculate the remainder when u is divided by ((-6)/(-8))/((-1)/(-8)).
3
Suppose 2 = 3*d + 5, 119 = 4*z + d. Let l = z - 18. Let y(b) = b**3 - b**2 + b + 46. Calculate the remainder when y(0) is divided by l.
10
Let v be 4/3 + 1/(-3). Suppose -v = -y - x, 5*y - y - 4*x - 44 = 0. What is the remainder when 16 is divided by y?
4
Let o(v) = -7*v - 11. Let j be 10/15 + 14/6. Suppose 2*m = j*z - 194, 0 = 3*z - 5*z - 4*m + 140. Calculate the remainder when z is divided by o(-4).
15
Let w = -6 - -14. Suppose -2*c + 3*q + 23 = 0, -5*q = -0*c - 4*c + 47. Calculate the remainder when c is divided by w.
5
What is the remainder when 28 is divided by -3 - ((-20)/(-5) - 17)?
8
Suppose -11 = -5*s + r, 4*s - 3*s - 2*r + 5 = 0. Let z(d) = -2*d. Let c(o) = -o. Let x(l) = 6*c(l) - 5*z(l). Calculate the remainder when 35 is divided by x(s).
11
Let f(t) = t**3 - 4*t**2 + 4*t - 5. Calculate the remainder when 42 is divided by f(4).
9
Suppose -2*c = 3*c - 5. Calculate the remainder when c is divided by 1.
0
Let n(y) = y**2 + y + 1. Calculate the remainder when 11 is divided by n(-2).
2
Let x be (-28)/(-35)*20*5. Suppose x = 3*q + q. What is the remainder when q is divided by 7?
6
Suppose -45 = -2*u + 5*a, 0 = 3*u - 0*u + 5*a - 105. Suppose -8 = -3*c + 16. Calculate the remainder when u is divided by c.
6
Let g = -53 - -56. Suppose 95 = 4*p - 33. What is the remainder when 2 + p*(g + -2) is divided by 18?
16
Suppose 4*n + 1 + 7 = 0, -3*t = -5*n - 16. What is the remainder when 10 is divided by -2*(-3)/t*2?
4
Suppose 4*k - 119 = -3*k. What is the remainder when k is divided by 7?
3
Let s be ((-6)/7)/(1/7). Calculate the remainder when 6/4*(-68)/s is divided by 10.
7
Let u = 3 - -1. What is the remainder when (-1)/(-4)*38*u is divided by 13?
12
Let p = -1 + 16. Calculate the remainder when 26 is divided by p.
11
Let y(z) = -z**3 - z + 7. Let c be y(0). Let l = 8 + c. Let t = 28 - l. Calculate the remainder when t is divided by 5.
3
Suppose 2*c - 16 = -2*i, -3*c + 4 + 17 = 2*i. Suppose -3*n + 6 = -i. What is the remainder when 3 is divided by n?
0
Let s = -14 + 43. Calculate the remainder when 113 is divided by s.
26
Suppose 2*n + 12 = 4*n. What is the remainder when (2/(-2) - -4)*n is divided by 2 - (2 + 6)/(-1)?
8
Suppose 0 = -2*z - 64 + 178. What is the remainder when z is divided by (-710)/(-35) - 2/7?
17
Suppose -5*d - 144 = -444. Suppose 7*n - r = 4*n + d, 5*n - 4*r = 93. What is the remainder when n is divided by 11?
10
Suppose 0 = 2*g - g - 28. Suppose -10 = -4*z + t, z - 5*t - 14 = -z. Let p = z + g. Calculate the remainder when p is divided by 16.
14
Suppose 44 = m + 10*m. Suppose 4*w - s + 0*s - 54 = 0, 5*w = 2*s + 69. What is the remainder when w is divided by m?
1
Let s(j) = j**3 - 2*j + 2. Let v be s(2). What is the remainder when 27 is divided by (-2)/v - 44/(-6)?
6
Suppose -3*h + 59 = 17. What is the remainder when 1/(-3) - (-124)/3 is divided by h?
13
Let x = 0 + 0. Suppose x = i + 4*i - 25. Suppose 4*b - 3*t = 24, 2*b + 43 = i*b + 4*t. What is the remainder when b is divided by 5?
4
Let m(r) = -3*r + 4. Let q be m(-5). Let d = 39 + -28. Let t = q - d. What is the remainder when 22 is divided by t?
6
Calculate the remainder when 624/5 - 8/(-40) is divided by 32.
29
Let j be (48/(-30))/((-4)/10). Suppose l = j*p + 104, -5*l = 4*p - 3*p - 415. Calculate the remainder when l is divided by 29.
26
Suppose -4*s + 111 = 3*y, y - s = -0*s + 44. What is the remainder when y is divided by 21?